{"id":42,"date":"2016-11-28T15:14:07","date_gmt":"2016-11-28T15:14:07","guid":{"rendered":"http:\/\/www.yourmusic.pro\/?page_id=42"},"modified":"2017-01-25T10:44:13","modified_gmt":"2017-01-25T14:44:13","slug":"deine-band-mein-coaching","status":"publish","type":"page","link":"https:\/\/www.yourmusic.pro\/?page_id=42","title":{"rendered":"Band-Coaching"},"content":{"rendered":"<h4 style=\"text-align: center;\">Geht die Band nicht nach vorne?<\/h4>\n<h4 style=\"text-align: center;\">Motivationsprobleme?<\/h4>\n<h4 style=\"text-align: center;\">Stildiskussionen?<\/h4>\n<h4 style=\"text-align: center;\">Klingt\u2019s nicht?<\/h4>\n<h4 style=\"text-align: center;\">Steht ein wichtiger Gig an?<\/h4>\n<hr \/>\n<p><img decoding=\"async\" class=\"wp-image-463 alignleft\" src=\"http:\/\/www.yourmusic.pro\/wp-content\/uploads\/2016\/11\/KL080530-1024x768.jpg\" width=\"512\" srcset=\"https:\/\/www.yourmusic.pro\/wp-content\/uploads\/2016\/11\/KL080530-1024x768.jpg 1024w, https:\/\/www.yourmusic.pro\/wp-content\/uploads\/2016\/11\/KL080530-300x225.jpg 300w, https:\/\/www.yourmusic.pro\/wp-content\/uploads\/2016\/11\/KL080530-768x576.jpg 768w\" sizes=\"(max-width: 1024px) 100vw, 1024px\" \/>Ich biete professionelles Coaching f\u00fcr Bands und Solok\u00fcnstler, z.B. mit Unterst\u00fctzung beim Songwriting, Erstellen von Arrangements oder Instrumentierung.<\/p>\n<p>Auch helfe ich gerne bei der Probenarbeit und gebe Tipps f\u00fcrs Zusammenspiel.<\/p>\n<p>Mein Coaching gestalte ich nat\u00fcrlich in enger Abstimmung mit euren W\u00fcnschen und Vorstellungen, aber gerade auch durch die Verf\u00fcgbarkeit meines komplett ausgestatteten Projektstudios k\u00f6nnen wir sehr effizient arbeiten, d.h. ich nehme euch auf und gebe dann konkrete Tipps anhand der Aufnahme!<\/p>\n<p>Bitte nehmt f\u00fcr Preise und sonstige Konditionen gerne mit mir Kontakt auf \u00fcber die Telefonnummer oder meine Email in der Kopfzeile!<\/p>\n","protected":false},"excerpt":{"rendered":"<p>Geht die Band nicht nach vorne? Motivationsprobleme? Stildiskussionen? Klingt\u2019s nicht? Steht ein wichtiger Gig an? Ich biete professionelles Coaching f\u00fcr Bands und Solok\u00fcnstler, z.B. mit Unterst\u00fctzung beim Songwriting, Erstellen von Arrangements oder Instrumentierung. Auch helfe ich gerne bei der Probenarbeit und gebe Tipps f\u00fcrs Zusammenspiel. Mein Coaching gestalte ich nat\u00fcrlich in enger Abstimmung mit euren W\u00fcnschen und Vorstellungen, aber gerade auch durch die Verf\u00fcgbarkeit meines komplett ausgestatteten Projektstudios k\u00f6nnen wir sehr effizient arbeiten, d.h. ich nehme euch auf und gebe dann konkrete Tipps anhand der Aufnahme! Bitte nehmt f\u00fcr Preise und sonstige Konditionen gerne mit mir Kontakt auf \u00fcber die Telefonnummer oder meine Email in der Kopfzeile!<\/p>\n","protected":false},"author":1,"featured_media":323,"parent":0,"menu_order":0,"comment_status":"closed","ping_status":"closed","template":"","meta":{"footnotes":""},"class_list":["post-42","page","type-page","status-publish","has-post-thumbnail","hentry"],"_links":{"self":[{"href":"https:\/\/www.yourmusic.pro\/index.php?rest_route=\/wp\/v2\/pages\/42","targetHints":{"allow":["GET"]}}],"collection":[{"href":"https:\/\/www.yourmusic.pro\/index.php?rest_route=\/wp\/v2\/pages"}],"about":[{"href":"https:\/\/www.yourmusic.pro\/index.php?rest_route=\/wp\/v2\/types\/page"}],"author":[{"embeddable":true,"href":"https:\/\/www.yourmusic.pro\/index.php?rest_route=\/wp\/v2\/users\/1"}],"replies":[{"embeddable":true,"href":"https:\/\/www.yourmusic.pro\/index.php?rest_route=%2Fwp%2Fv2%2Fcomments&post=42"}],"version-history":[{"count":16,"href":"https:\/\/www.yourmusic.pro\/index.php?rest_route=\/wp\/v2\/pages\/42\/revisions"}],"predecessor-version":[{"id":948,"href":"https:\/\/www.yourmusic.pro\/index.php?rest_route=\/wp\/v2\/pages\/42\/revisions\/948"}],"wp:featuredmedia":[{"embeddable":true,"href":"https:\/\/www.yourmusic.pro\/index.php?rest_route=\/wp\/v2\/media\/323"}],"wp:attachment":[{"href":"https:\/\/www.yourmusic.pro\/index.php?rest_route=%2Fwp%2Fv2%2Fmedia&parent=42"}],"curies":[{"name":"wp","href":"https:\/\/api.w.org\/{rel}","templated":true}]}}